[INFO] cloning repository https://github.com/dcchut/dlite
[INFO] running `Command { std: "git" "-c" "credential.helper=" "-c" "credential.helper=/workspace/cargo-home/bin/git-credential-null" "clone" "--bare" "https://github.com/dcchut/dlite" "/workspace/cache/git-repos/https%3A%2F%2Fgithub.com%2Fdcchut%2Fdlite", kill_on_drop: false }`
[INFO] [stderr] Cloning into bare repository '/workspace/cache/git-repos/https%3A%2F%2Fgithub.com%2Fdcchut%2Fdlite'...
[INFO] running `Command { std: "git" "rev-parse" "HEAD", kill_on_drop: false }`
[INFO] [stdout] 07387c86a87330397e288206f5f2a9edbbc1f1c4
[INFO] checking dcchut/dlite against master#af3c6e733a40e671550e0f0f5aeecaa13772ba56 for pr-74989
[INFO] running `Command { std: "git" "clone" "/workspace/cache/git-repos/https%3A%2F%2Fgithub.com%2Fdcchut%2Fdlite" "/workspace/builds/worker-1/source", kill_on_drop: false }`
[INFO] [stderr] Cloning into '/workspace/builds/worker-1/source'...
[INFO] [stderr] done.
[INFO] validating manifest of git repo https://github.com/dcchut/dlite on toolchain af3c6e733a40e671550e0f0f5aeecaa13772ba56
[INFO] running `Command { std: "/workspace/cargo-home/bin/cargo" "+af3c6e733a40e671550e0f0f5aeecaa13772ba56" "read-manifest" "--manifest-path" "Cargo.toml", kill_on_drop: false }`
[INFO] started tweaking git repo https://github.com/dcchut/dlite
[INFO] finished tweaking git repo https://github.com/dcchut/dlite
[INFO] tweaked toml for git repo https://github.com/dcchut/dlite written to /workspace/builds/worker-1/source/Cargo.toml
[INFO] crate git repo https://github.com/dcchut/dlite already has a lockfile, it will not be regenerated
[INFO] running `Command { std: "/workspace/cargo-home/bin/cargo" "+af3c6e733a40e671550e0f0f5aeecaa13772ba56" "fetch" "--locked" "--manifest-path" "Cargo.toml", kill_on_drop: false }`
[INFO] running `Command { std: "docker" "create" "-v" "/var/lib/crater-agent-workspace/builds/worker-1/target:/opt/rustwide/target:rw,Z" "-v" "/var/lib/crater-agent-workspace/builds/worker-1/source:/opt/rustwide/workdir:ro,Z" "-v" "/var/lib/crater-agent-workspace/cargo-home:/opt/rustwide/cargo-home:ro,Z" "-v" "/var/lib/crater-agent-workspace/rustup-home:/opt/rustwide/rustup-home:ro,Z" "-e" "SOURCE_DIR=/opt/rustwide/workdir" "-e" "CARGO_TARGET_DIR=/opt/rustwide/target" "-e" "CARGO_HOME=/opt/rustwide/cargo-home" "-e" "RUSTUP_HOME=/opt/rustwide/rustup-home" "-w" "/opt/rustwide/workdir" "-m" "1610612736" "--user" "0:0" "--network" "none" "rustops/crates-build-env@sha256:d92eaeed33fa75130ca1ee6c8a01d1ffb62bac859dfdfb3450e3e5d1c0146529" "/opt/rustwide/cargo-home/bin/cargo" "+af3c6e733a40e671550e0f0f5aeecaa13772ba56" "metadata" "--no-deps" "--format-version=1", kill_on_drop: false }`
[INFO] [stdout] 8f2afbe8a91f81691c9b6c01d90247d95d82f16f19c9b369a24cff5a0c1fbc6a
[INFO] [stderr] WARNING: Your kernel does not support swap limit capabilities or the cgroup is not mounted. Memory limited without swap.
[INFO] running `Command { std: "docker" "start" "-a" "8f2afbe8a91f81691c9b6c01d90247d95d82f16f19c9b369a24cff5a0c1fbc6a", kill_on_drop: false }`
[INFO] running `Command { std: "docker" "inspect" "8f2afbe8a91f81691c9b6c01d90247d95d82f16f19c9b369a24cff5a0c1fbc6a", kill_on_drop: false }`
[INFO] running `Command { std: "docker" "rm" "-f" "8f2afbe8a91f81691c9b6c01d90247d95d82f16f19c9b369a24cff5a0c1fbc6a", kill_on_drop: false }`
[INFO] [stdout] 8f2afbe8a91f81691c9b6c01d90247d95d82f16f19c9b369a24cff5a0c1fbc6a
[INFO] running `Command { std: "docker" "create" "-v" "/var/lib/crater-agent-workspace/builds/worker-1/target:/opt/rustwide/target:rw,Z" "-v" "/var/lib/crater-agent-workspace/builds/worker-1/source:/opt/rustwide/workdir:ro,Z" "-v" "/var/lib/crater-agent-workspace/cargo-home:/opt/rustwide/cargo-home:ro,Z" "-v" "/var/lib/crater-agent-workspace/rustup-home:/opt/rustwide/rustup-home:ro,Z" "-e" "SOURCE_DIR=/opt/rustwide/workdir" "-e" "CARGO_TARGET_DIR=/opt/rustwide/target" "-e" "CARGO_INCREMENTAL=0" "-e" "RUST_BACKTRACE=full" "-e" "RUSTFLAGS=--cap-lints=forbid" "-e" "CARGO_HOME=/opt/rustwide/cargo-home" "-e" "RUSTUP_HOME=/opt/rustwide/rustup-home" "-w" "/opt/rustwide/workdir" "-m" "1610612736" "--user" "0:0" "--network" "none" "rustops/crates-build-env@sha256:d92eaeed33fa75130ca1ee6c8a01d1ffb62bac859dfdfb3450e3e5d1c0146529" "/opt/rustwide/cargo-home/bin/cargo" "+af3c6e733a40e671550e0f0f5aeecaa13772ba56" "check" "--frozen" "--all" "--all-targets" "--message-format=json", kill_on_drop: false }`
[INFO] [stdout] eae5ed545640546a21b70a6f0a63b0f75b8fc7d393697bc1a0c867bf41ef1126
[INFO] [stderr] WARNING: Your kernel does not support swap limit capabilities or the cgroup is not mounted. Memory limited without swap.
[INFO] running `Command { std: "docker" "start" "-a" "eae5ed545640546a21b70a6f0a63b0f75b8fc7d393697bc1a0c867bf41ef1126", kill_on_drop: false }`
[INFO] [stderr]     Checking cfg-if v0.1.10
[INFO] [stderr]    Compiling autocfg v1.0.0
[INFO] [stderr]    Compiling log v0.4.8
[INFO] [stderr]    Compiling semver-parser v0.7.0
[INFO] [stderr]    Compiling getrandom v0.1.14
[INFO] [stderr]    Compiling autocfg v0.1.7
[INFO] [stderr]    Compiling proc-macro2 v0.4.30
[INFO] [stderr]    Compiling byteorder v1.3.4
[INFO] [stderr]    Compiling unicode-xid v0.1.0
[INFO] [stderr]    Compiling khronos_api v3.1.0
[INFO] [stderr]    Compiling maybe-uninit v2.0.0
[INFO] [stderr]     Checking smallvec v1.3.0
[INFO] [stderr]    Compiling nix v0.14.1
[INFO] [stderr]     Checking slab v0.4.2
[INFO] [stderr]     Checking arrayvec v0.5.1
[INFO] [stderr]     Checking void v1.0.2
[INFO] [stderr]    Compiling proc-macro2 v1.0.8
[INFO] [stderr]     Checking lazycell v1.2.1
[INFO] [stderr]     Checking adler32 v1.0.4
[INFO] [stderr]    Compiling wide v0.4.5
[INFO] [stderr]     Checking bytemuck v1.1.0
[INFO] [stderr]    Compiling pkg-config v0.3.17
[INFO] [stderr]     Checking same-file v1.0.6
[INFO] [stderr]    Compiling crc32fast v1.2.0
[INFO] [stderr]     Checking downcast-rs v1.1.1
[INFO] [stderr]     Checking ppv-lite86 v0.2.6
[INFO] [stderr]     Checking xdg v2.2.0
[INFO] [stderr]    Compiling rayon-core v1.7.0
[INFO] [stderr]     Checking regex-syntax v0.6.17
[INFO] [stderr]     Checking percent-encoding v2.1.0
[INFO] [stderr]     Checking instant v0.1.2
[INFO] [stderr]     Checking either v1.5.3
[INFO] [stderr]    Compiling syn v0.15.44
[INFO] [stderr]     Checking mopa v0.2.2
[INFO] [stderr]     Checking atom v0.3.5
[INFO] [stderr]     Checking tuple_utils v0.3.0
[INFO] [stderr]     Checking shrev v1.1.1
[INFO] [stderr]     Checking lock_api v0.3.3
[INFO] [stderr]     Checking thread_local v1.0.1
[INFO] [stderr]    Compiling libloading v0.5.2
[INFO] [stderr]    Compiling semver v0.9.0
[INFO] [stderr]     Checking inflate v0.4.5
[INFO] [stderr]     Checking miniz_oxide v0.3.5
[INFO] [stderr]     Checking walkdir v2.3.1
[INFO] [stderr]    Compiling nom v5.1.1
[INFO] [stderr]    Compiling crossbeam-utils v0.7.0
[INFO] [stderr]    Compiling crossbeam-epoch v0.8.0
[INFO] [stderr]    Compiling num-traits v0.2.11
[INFO] [stderr]    Compiling num-integer v0.1.42
[INFO] [stderr]    Compiling num-iter v0.1.40
[INFO] [stderr]    Compiling num-rational v0.2.3
[INFO] [stderr]    Compiling hashbrown v0.7.1
[INFO] [stderr]     Checking net2 v0.2.33
[INFO] [stderr]     Checking parking_lot_core v0.7.0
[INFO] [stderr]     Checking num_cpus v1.12.0
[INFO] [stderr]     Checking shared_library v0.1.9
[INFO] [stderr]    Compiling rustc_version v0.2.3
[INFO] [stderr]     Checking c2-chacha v0.2.3
[INFO] [stderr]    Compiling x11-dl v2.18.4
[INFO] [stderr]    Compiling gl_generator v0.13.1
[INFO] [stderr]     Checking smallvec v0.6.13
[INFO] [stderr]     Checking osmesa-sys v0.1.2
[INFO] [stderr]    Compiling rand_core v0.5.1
[INFO] [stderr]     Checking flate2 v1.0.14
[INFO] [stderr]    Compiling quote v0.6.13
[INFO] [stderr]     Checking parking_lot v0.10.0
[INFO] [stderr]     Checking mio v0.6.21
[INFO] [stderr]    Compiling quote v1.0.2
[INFO] [stderr]     Checking stb_truetype v0.3.1
[INFO] [stderr]     Checking deflate v0.8.4
[INFO] [stderr]     Checking jpeg-decoder v0.1.18
[INFO] [stderr]     Checking dlib v0.4.1
[INFO] [stderr]    Compiling memoffset v0.5.3
[INFO] [stderr]    Compiling parking_lot_core v0.6.2
[INFO] [stderr]    Compiling parking_lot v0.9.0
[INFO] [stderr]    Compiling rand_chacha v0.2.1
[INFO] [stderr]     Checking rand_xorshift v0.2.0
[INFO] [stderr]     Checking crossbeam-queue v0.2.1
[INFO] [stderr]     Checking crossbeam-channel v0.4.0
[INFO] [stderr]     Checking ultraviolet v0.4.6
[INFO] [stderr]    Compiling wayland-scanner v0.23.6
[INFO] [stderr]     Checking bracket-color v0.8.1
[INFO] [stderr]     Checking wayland-sys v0.23.6
[INFO] [stderr]    Compiling syn v1.0.13
[INFO] [stderr]    Compiling rand v0.7.3
[INFO] [stderr]     Checking png v0.16.2
[INFO] [stderr]     Checking mio-extras v2.0.6
[INFO] [stderr]     Checking ordered-float v1.0.2
[INFO] [stderr]     Checking approx v0.3.2
[INFO] [stderr]     Checking line_drawing v0.7.0
[INFO] [stderr]     Checking regex v1.3.6
[INFO] [stderr]     Checking rusttype v0.8.2
[INFO] [stderr]    Compiling glutin_glx_sys v0.1.6
[INFO] [stderr]    Compiling glutin_egl_sys v0.1.4
[INFO] [stderr]    Compiling glow v0.4.0
[INFO] [stderr]     Checking crossbeam-deque v0.7.2
[INFO] [stderr]     Checking tynm v0.1.4
[INFO] [stderr]     Checking rusttype v0.7.9
[INFO] [stderr]     Checking bracket-geometry v0.8.1
[INFO] [stderr]     Checking andrew v0.2.1
[INFO] [stderr]     Checking bracket-algorithm-traits v0.8.1
[INFO] [stderr]     Checking crossbeam v0.7.3
[INFO] [stderr]     Checking image v0.23.3
[INFO] [stderr]     Checking bracket-pathfinding v0.8.1
[INFO] [stderr]     Checking object-pool v0.4.4
[INFO] [stderr]     Checking bracket-random v0.8.0
[INFO] [stderr]     Checking bracket-noise v0.8.1
[INFO] [stderr]     Checking rayon v1.3.0
[INFO] [stderr]    Compiling wayland-client v0.23.6
[INFO] [stderr]    Compiling wayland-protocols v0.23.6
[INFO] [stderr]     Checking wayland-commons v0.23.6
[INFO] [stderr]     Checking calloop v0.4.4
[INFO] [stderr]    Compiling specs-derive v0.4.0
[INFO] [stderr]    Compiling proc-macro-hack v0.5.11
[INFO] [stderr]     Checking hibitset v0.6.3
[INFO] [stderr]    Compiling const-random-macro v0.1.6
[INFO] [stderr]     Checking const-random v0.1.6
[INFO] [stderr]     Checking ahash v0.3.2
[INFO] [stderr]     Checking shred v0.10.2
[INFO] [stderr]     Checking specs v0.16.1
[INFO] [stderr]     Checking smithay-client-toolkit v0.6.6
[INFO] [stderr]     Checking winit v0.22.0
[INFO] [stderr]     Checking glutin v0.24.0
[INFO] [stderr]     Checking bracket-terminal v0.8.1
[INFO] [stderr]     Checking bracket-lib v0.8.1
[INFO] [stderr]     Checking rltk v0.8.1
[INFO] [stderr]     Checking dlite v0.1.0 (/opt/rustwide/workdir)
[INFO] [stdout] error[E0053]: method `get_available_exits` has an incompatible type for trait
[INFO] [stdout]    --> src/map.rs:248:5
[INFO] [stdout]     |
[INFO] [stdout] 248 |     fn get_available_exits(&self, _idx: usize) -> Vec<(usize, f32)> {
[INFO] [stdout]     |     ^^^^^^^^^^^^^^^^^^^^^^^^^^^^^^^^^^^^^^^^^^^^^^^^^^^^^^^^^^^^^^^ expected struct `SmallVec`, found struct `Vec`
[INFO] [stdout]     |
[INFO] [stdout]     = note: expected fn pointer `fn(&AutomataMap, _) -> SmallVec<[(usize, f32); 10]>`
[INFO] [stdout]                found fn pointer `fn(&AutomataMap, _) -> Vec<(usize, f32)>`
[INFO] [stdout] 
[INFO] [stdout] 
[INFO] [stdout] error[E0053]: method `get_available_exits` has an incompatible type for trait
[INFO] [stdout]    --> src/map.rs:248:5
[INFO] [stdout]     |
[INFO] [stdout] 248 |     fn get_available_exits(&self, _idx: usize) -> Vec<(usize, f32)> {
[INFO] [stdout]     |     ^^^^^^^^^^^^^^^^^^^^^^^^^^^^^^^^^^^^^^^^^^^^^^^^^^^^^^^^^^^^^^^ expected struct `SmallVec`, found struct `Vec`
[INFO] [stdout]     |
[INFO] [stdout]     = note: expected fn pointer `fn(&AutomataMap, _) -> SmallVec<[(usize, f32); 10]>`
[INFO] [stdout]                found fn pointer `fn(&AutomataMap, _) -> Vec<(usize, f32)>`
[INFO] [stdout] 
[INFO] [stdout] 
[INFO] [stdout] error[E0599]: no method named `with_post_scanlines` found for enum `std::result::Result<BTerm, std::boxed::Box<dyn std::error::Error + Send + Sync>>` in the current scope
[INFO] [stdout]   --> src/main.rs:99:13
[INFO] [stdout]    |
[INFO] [stdout] 99 |     context.with_post_scanlines(true);
[INFO] [stdout]    |             ^^^^^^^^^^^^^^^^^^^ method not found in `std::result::Result<BTerm, std::boxed::Box<dyn std::error::Error + Send + Sync>>`
[INFO] [stdout] 
[INFO] [stdout] 
[INFO] [stdout] error[E0599]: no method named `with_post_scanlines` found for enum `std::result::Result<BTerm, std::boxed::Box<dyn std::error::Error + Send + Sync>>` in the current scope
[INFO] [stdout]   --> src/main.rs:99:13
[INFO] [stdout]    |
[INFO] [stdout] 99 |     context.with_post_scanlines(true);
[INFO] [stdout]    |             ^^^^^^^^^^^^^^^^^^^ method not found in `std::result::Result<BTerm, std::boxed::Box<dyn std::error::Error + Send + Sync>>`
[INFO] [stdout] 
[INFO] [stdout] 
[INFO] [stdout] error[E0308]: mismatched types
[INFO] [stdout]    --> src/main.rs:174:21
[INFO] [stdout]     |
[INFO] [stdout] 174 |     rltk::main_loop(context, gs);
[INFO] [stdout]     |                     ^^^^^^^ expected struct `BTerm`, found enum `std::result::Result`
[INFO] [stdout]     |
[INFO] [stdout]     = note: expected struct `BTerm`
[INFO] [stdout]                  found enum `std::result::Result<BTerm, std::boxed::Box<dyn std::error::Error + Send + Sync>>`
[INFO] [stdout] 
[INFO] [stdout] 
[INFO] [stdout] error[E0308]: mismatched types
[INFO] [stdout]    --> src/main.rs:174:21
[INFO] [stdout]     |
[INFO] [stdout] 174 |     rltk::main_loop(context, gs);
[INFO] [stdout]     |                     ^^^^^^^ expected struct `BTerm`, found enum `std::result::Result`
[INFO] [stdout]     |
[INFO] [stdout]     = note: expected struct `BTerm`
[INFO] [stdout]                  found enum `std::result::Result<BTerm, std::boxed::Box<dyn std::error::Error + Send + Sync>>`
[INFO] [stdout] 
[INFO] [stdout] 
[INFO] [stdout] error[E0308]: mismatched types
[INFO] [stdout]   --> src/components.rs:29:19
[INFO] [stdout]    |
[INFO] [stdout] 29 |         Self::new(rltk::to_cp437(c), fg, bg)
[INFO] [stdout]    |                   ^^^^^^^^^^^^^^^^^ expected `u8`, found `u16`
[INFO] [stdout]    |
[INFO] [stdout] help: you can convert an `u16` to `u8` and panic if the converted value wouldn't fit
[INFO] [stdout]    |
[INFO] [stdout] 29 |         Self::new(rltk::to_cp437(c).try_into().unwrap(), fg, bg)
[INFO] [stdout]    |                   ^^^^^^^^^^^^^^^^^^^^^^^^^^^^^^^^^^^^^
[INFO] [stdout] 
[INFO] [stdout] 
[INFO] [stdout] error[E0308]: mismatched types
[INFO] [stdout]   --> src/components.rs:29:19
[INFO] [stdout]    |
[INFO] [stdout] 29 |         Self::new(rltk::to_cp437(c), fg, bg)
[INFO] [stdout]    |                   ^^^^^^^^^^^^^^^^^ expected `u8`, found `u16`
[INFO] [stdout]    |
[INFO] [stdout] help: you can convert an `u16` to `u8` and panic if the converted value wouldn't fit
[INFO] [stdout]    |
[INFO] [stdout] 29 |         Self::new(rltk::to_cp437(c).try_into().unwrap(), fg, bg)
[INFO] [stdout]    |                   ^^^^^^^^^^^^^^^^^^^^^^^^^^^^^^^^^^^^^
[INFO] [stdout] 
[INFO] [stdout] 
[INFO] [stdout] warning: unused import: `Console`
[INFO] [stdout]  --> src/main.rs:8:12
[INFO] [stdout]   |
[INFO] [stdout] 8 | use rltk::{Console, GameState, Point, Rltk, RltkBuilder, RGB};
[INFO] [stdout]   |            ^^^^^^^
[INFO] [stdout]   |
[INFO] [stdout]   = note: `#[warn(unused_imports)]` on by default
[INFO] [stdout] 
[INFO] [stdout] 
[INFO] [stdout] warning: unused import: `Console`
[INFO] [stdout]  --> src/fibre_grid.rs:2:12
[INFO] [stdout]   |
[INFO] [stdout] 2 | use rltk::{Console, Point, RandomNumberGenerator, Rltk, RGB};
[INFO] [stdout]   |            ^^^^^^^
[INFO] [stdout] 
[INFO] [stdout] 
[INFO] [stdout] warning: unused import: `Console`
[INFO] [stdout]  --> src/map.rs:3:34
[INFO] [stdout]   |
[INFO] [stdout] 3 | use rltk::{Algorithm2D, BaseMap, Console, Point, RandomNumberGenerator, Rltk, RGB};
[INFO] [stdout]   |                                  ^^^^^^^
[INFO] [stdout] 
[INFO] [stdout] 
[INFO] [stdout] error: aborting due to 4 previous errors; 3 warnings emitted
[INFO] [stdout] 
[INFO] [stdout] 
[INFO] [stdout] Some errors have detailed explanations: E0053, E0308, E0599.
[INFO] [stdout] 
[INFO] [stdout] For more information about an error, try `rustc --explain E0053`.
[INFO] [stdout] 
[INFO] [stdout] warning: unused import: `Console`
[INFO] [stdout]  --> src/main.rs:8:12
[INFO] [stdout]   |
[INFO] [stdout] 8 | use rltk::{Console, GameState, Point, Rltk, RltkBuilder, RGB};
[INFO] [stdout]   |            ^^^^^^^
[INFO] [stdout]   |
[INFO] [stdout]   = note: `#[warn(unused_imports)]` on by default
[INFO] [stdout] 
[INFO] [stdout] 
[INFO] [stdout] warning: unused import: `Console`
[INFO] [stdout]  --> src/fibre_grid.rs:2:12
[INFO] [stdout]   |
[INFO] [stdout] 2 | use rltk::{Console, Point, RandomNumberGenerator, Rltk, RGB};
[INFO] [stdout]   |            ^^^^^^^
[INFO] [stdout] 
[INFO] [stdout] 
[INFO] [stdout] warning: unused import: `Console`
[INFO] [stdout]  --> src/map.rs:3:34
[INFO] [stdout]   |
[INFO] [stdout] 3 | use rltk::{Algorithm2D, BaseMap, Console, Point, RandomNumberGenerator, Rltk, RGB};
[INFO] [stdout]   |                                  ^^^^^^^
[INFO] [stdout] 
[INFO] [stdout] 
[INFO] [stdout] error: aborting due to 4 previous errors; 3 warnings emitted
[INFO] [stdout] 
[INFO] [stdout] 
[INFO] [stdout] Some errors have detailed explanations: E0053, E0308, E0599.
[INFO] [stdout] 
[INFO] [stdout] For more information about an error, try `rustc --explain E0053`.
[INFO] [stdout] 
[INFO] [stderr] error: could not compile `dlite`.
[INFO] [stderr] 
[INFO] [stderr] To learn more, run the command again with --verbose.
[INFO] [stderr] warning: build failed, waiting for other jobs to finish...
[INFO] [stderr] error: build failed
[INFO] running `Command { std: "docker" "inspect" "eae5ed545640546a21b70a6f0a63b0f75b8fc7d393697bc1a0c867bf41ef1126", kill_on_drop: false }`
[INFO] running `Command { std: "docker" "rm" "-f" "eae5ed545640546a21b70a6f0a63b0f75b8fc7d393697bc1a0c867bf41ef1126", kill_on_drop: false }`
[INFO] [stdout] eae5ed545640546a21b70a6f0a63b0f75b8fc7d393697bc1a0c867bf41ef1126
